{"id":68,"date":"2022-01-24T09:34:08","date_gmt":"2022-01-24T08:34:08","guid":{"rendered":"https:\/\/www.demo.akomi.it\/erbyshop\/fr\/?page_id=68"},"modified":"2025-04-24T17:09:30","modified_gmt":"2025-04-24T15:09:30","slug":"devis-pour-jardins","status":"publish","type":"page","link":"https:\/\/demo.akomi.it\/erbyshop\/fr\/devis-pour-jardins\/","title":{"rendered":"Demander un devis"},"content":{"rendered":"","protected":false},"excerpt":{"rendered":"","protected":false},"author":1,"featured_media":0,"parent":0,"menu_order":39,"comment_status":"closed","ping_status":"closed","template":"template-richiedi-preventivo.php","meta":{"footnotes":""},"class_list":["post-68","page","type-page","status-publish","hentry"],"acf":[],"yoast_head":"<!-- This site is optimized with the Yoast SEO plugin v24.5 - https:\/\/yoast.com\/wordpress\/plugins\/seo\/ -->\n<title>Devis pour jardins | Devis gazon synth\u00e9tique et jardin vertical<\/title>\n<meta name=\"description\" content=\"Demandez imm\u00e9diatement un devis pour la pose de votre gazon synth\u00e9tique ou pour l&#039;installation de mousse stabilis\u00e9e ou de jardin vertical.\" \/>\n<meta name=\"robots\" content=\"index, follow, max-snippet:-1, max-image-preview:large, max-video-preview:-1\" \/>\n<link rel=\"canonical\" href=\"https:\/\/demo.akomi.it\/erbyshop\/fr\/devis-pour-jardins\/\" \/>\n<meta property=\"og:locale\" content=\"fr_FR\" \/>\n<meta property=\"og:type\" content=\"article\" \/>\n<meta property=\"og:title\" content=\"Devis pour jardins | Devis gazon synth\u00e9tique et jardin vertical\" \/>\n<meta property=\"og:description\" content=\"Demandez imm\u00e9diatement un devis pour la pose de votre gazon synth\u00e9tique ou pour l&#039;installation de mousse stabilis\u00e9e ou de jardin vertical.\" \/>\n<meta property=\"og:url\" content=\"https:\/\/demo.akomi.it\/erbyshop\/fr\/devis-pour-jardins\/\" \/>\n<meta property=\"og:site_name\" content=\"FR\" \/>\n<meta property=\"article:modified_time\" content=\"2025-04-24T15:09:30+00:00\" \/>\n<meta name=\"twitter:card\" content=\"summary_large_image\" \/>\n<script type=\"application\/ld+json\" class=\"yoast-schema-graph\">{\"@context\":\"https:\/\/schema.org\",\"@graph\":[{\"@type\":\"WebPage\",\"@id\":\"https:\/\/demo.akomi.it\/erbyshop\/fr\/devis-pour-jardins\/\",\"url\":\"https:\/\/demo.akomi.it\/erbyshop\/fr\/devis-pour-jardins\/\",\"name\":\"Devis pour jardins | Devis gazon synth\u00e9tique et jardin vertical\",\"isPartOf\":{\"@id\":\"https:\/\/demo.akomi.it\/erbyshop\/fr\/#website\"},\"datePublished\":\"2022-01-24T08:34:08+00:00\",\"dateModified\":\"2025-04-24T15:09:30+00:00\",\"description\":\"Demandez imm\u00e9diatement un devis pour la pose de votre gazon synth\u00e9tique ou pour l'installation de mousse stabilis\u00e9e ou de jardin vertical.\",\"breadcrumb\":{\"@id\":\"https:\/\/demo.akomi.it\/erbyshop\/fr\/devis-pour-jardins\/#breadcrumb\"},\"inLanguage\":\"fr-FR\",\"potentialAction\":[{\"@type\":\"ReadAction\",\"target\":[\"https:\/\/demo.akomi.it\/erbyshop\/fr\/devis-pour-jardins\/\"]}]},{\"@type\":\"BreadcrumbList\",\"@id\":\"https:\/\/demo.akomi.it\/erbyshop\/fr\/devis-pour-jardins\/#breadcrumb\",\"itemListElement\":[{\"@type\":\"ListItem\",\"position\":1,\"name\":\"Home\",\"item\":\"https:\/\/demo.akomi.it\/erbyshop\/fr\/\"},{\"@type\":\"ListItem\",\"position\":2,\"name\":\"Demander un devis\"}]},{\"@type\":\"WebSite\",\"@id\":\"https:\/\/demo.akomi.it\/erbyshop\/fr\/#website\",\"url\":\"https:\/\/demo.akomi.it\/erbyshop\/fr\/\",\"name\":\"FR\",\"description\":\"Il prato intelligente\",\"potentialAction\":[{\"@type\":\"SearchAction\",\"target\":{\"@type\":\"EntryPoint\",\"urlTemplate\":\"https:\/\/demo.akomi.it\/erbyshop\/fr\/?s={search_term_string}\"},\"query-input\":{\"@type\":\"PropertyValueSpecification\",\"valueRequired\":true,\"valueName\":\"search_term_string\"}}],\"inLanguage\":\"fr-FR\"}]}<\/script>\n<!-- \/ Yoast SEO plugin. -->","yoast_head_json":{"title":"Devis pour jardins | Devis gazon synth\u00e9tique et jardin vertical","description":"Demandez imm\u00e9diatement un devis pour la pose de votre gazon synth\u00e9tique ou pour l'installation de mousse stabilis\u00e9e ou de jardin vertical.","robots":{"index":"index","follow":"follow","max-snippet":"max-snippet:-1","max-image-preview":"max-image-preview:large","max-video-preview":"max-video-preview:-1"},"canonical":"https:\/\/demo.akomi.it\/erbyshop\/fr\/devis-pour-jardins\/","og_locale":"fr_FR","og_type":"article","og_title":"Devis pour jardins | Devis gazon synth\u00e9tique et jardin vertical","og_description":"Demandez imm\u00e9diatement un devis pour la pose de votre gazon synth\u00e9tique ou pour l'installation de mousse stabilis\u00e9e ou de jardin vertical.","og_url":"https:\/\/demo.akomi.it\/erbyshop\/fr\/devis-pour-jardins\/","og_site_name":"FR","article_modified_time":"2025-04-24T15:09:30+00:00","twitter_card":"summary_large_image","schema":{"@context":"https:\/\/schema.org","@graph":[{"@type":"WebPage","@id":"https:\/\/demo.akomi.it\/erbyshop\/fr\/devis-pour-jardins\/","url":"https:\/\/demo.akomi.it\/erbyshop\/fr\/devis-pour-jardins\/","name":"Devis pour jardins | Devis gazon synth\u00e9tique et jardin vertical","isPartOf":{"@id":"https:\/\/demo.akomi.it\/erbyshop\/fr\/#website"},"datePublished":"2022-01-24T08:34:08+00:00","dateModified":"2025-04-24T15:09:30+00:00","description":"Demandez imm\u00e9diatement un devis pour la pose de votre gazon synth\u00e9tique ou pour l'installation de mousse stabilis\u00e9e ou de jardin vertical.","breadcrumb":{"@id":"https:\/\/demo.akomi.it\/erbyshop\/fr\/devis-pour-jardins\/#breadcrumb"},"inLanguage":"fr-FR","potentialAction":[{"@type":"ReadAction","target":["https:\/\/demo.akomi.it\/erbyshop\/fr\/devis-pour-jardins\/"]}]},{"@type":"BreadcrumbList","@id":"https:\/\/demo.akomi.it\/erbyshop\/fr\/devis-pour-jardins\/#breadcrumb","itemListElement":[{"@type":"ListItem","position":1,"name":"Home","item":"https:\/\/demo.akomi.it\/erbyshop\/fr\/"},{"@type":"ListItem","position":2,"name":"Demander un devis"}]},{"@type":"WebSite","@id":"https:\/\/demo.akomi.it\/erbyshop\/fr\/#website","url":"https:\/\/demo.akomi.it\/erbyshop\/fr\/","name":"FR","description":"Il prato intelligente","potentialAction":[{"@type":"SearchAction","target":{"@type":"EntryPoint","urlTemplate":"https:\/\/demo.akomi.it\/erbyshop\/fr\/?s={search_term_string}"},"query-input":{"@type":"PropertyValueSpecification","valueRequired":true,"valueName":"search_term_string"}}],"inLanguage":"fr-FR"}]}},"_links":{"self":[{"href":"https:\/\/demo.akomi.it\/erbyshop\/fr\/wp-json\/wp\/v2\/pages\/68","targetHints":{"allow":["GET"]}}],"collection":[{"href":"https:\/\/demo.akomi.it\/erbyshop\/fr\/wp-json\/wp\/v2\/pages"}],"about":[{"href":"https:\/\/demo.akomi.it\/erbyshop\/fr\/wp-json\/wp\/v2\/types\/page"}],"author":[{"embeddable":true,"href":"https:\/\/demo.akomi.it\/erbyshop\/fr\/wp-json\/wp\/v2\/users\/1"}],"replies":[{"embeddable":true,"href":"https:\/\/demo.akomi.it\/erbyshop\/fr\/wp-json\/wp\/v2\/comments?post=68"}],"version-history":[{"count":2,"href":"https:\/\/demo.akomi.it\/erbyshop\/fr\/wp-json\/wp\/v2\/pages\/68\/revisions"}],"predecessor-version":[{"id":7365,"href":"https:\/\/demo.akomi.it\/erbyshop\/fr\/wp-json\/wp\/v2\/pages\/68\/revisions\/7365"}],"wp:attachment":[{"href":"https:\/\/demo.akomi.it\/erbyshop\/fr\/wp-json\/wp\/v2\/media?parent=68"}],"curies":[{"name":"wp","href":"https:\/\/api.w.org\/{rel}","templated":true}]}}

<!-- This site is optimized with the Yoast SEO plugin v24.5 - https://yoast.com/wordpress/plugins/seo/ -->
<title>Devis pour jardins | Devis gazon synthétique et jardin vertical</title>
<meta name="description" content="Demandez immédiatement un devis pour la pose de votre gazon synthétique ou pour l&#039;installation de mousse stabilisée ou de jardin vertical." />
<meta name="robots" content="index, follow, max-snippet:-1, max-image-preview:large, max-video-preview:-1" />
<link rel="canonical" href="https://demo.akomi.it/erbyshop/fr/devis-pour-jardins/" />
<meta property="og:locale" content="fr_FR" />
<meta property="og:type" content="article" />
<meta property="og:title" content="Devis pour jardins | Devis gazon synthétique et jardin vertical" />
<meta property="og:description" content="Demandez immédiatement un devis pour la pose de votre gazon synthétique ou pour l&#039;installation de mousse stabilisée ou de jardin vertical." />
<meta property="og:url" content="https://demo.akomi.it/erbyshop/fr/devis-pour-jardins/" />
<meta property="og:site_name" content="FR" />
<meta property="article:modified_time" content="2025-04-24T15:09:30+00:00" />
<meta name="twitter:card" content="summary_large_image" />
<script type="application/ld+json" class="yoast-schema-graph">{"@context":"https://schema.org","@graph":[{"@type":"WebPage","@id":"https://demo.akomi.it/erbyshop/fr/devis-pour-jardins/","url":"https://demo.akomi.it/erbyshop/fr/devis-pour-jardins/","name":"Devis pour jardins | Devis gazon synthétique et jardin vertical","isPartOf":{"@id":"https://demo.akomi.it/erbyshop/fr/#website"},"datePublished":"2022-01-24T08:34:08+00:00","dateModified":"2025-04-24T15:09:30+00:00","description":"Demandez immédiatement un devis pour la pose de votre gazon synthétique ou pour l'installation de mousse stabilisée ou de jardin vertical.","breadcrumb":{"@id":"https://demo.akomi.it/erbyshop/fr/devis-pour-jardins/#breadcrumb"},"inLanguage":"fr-FR","potentialAction":[{"@type":"ReadAction","target":["https://demo.akomi.it/erbyshop/fr/devis-pour-jardins/"]}]},{"@type":"BreadcrumbList","@id":"https://demo.akomi.it/erbyshop/fr/devis-pour-jardins/#breadcrumb","itemListElement":[{"@type":"ListItem","position":1,"name":"Home","item":"https://demo.akomi.it/erbyshop/fr/"},{"@type":"ListItem","position":2,"name":"Demander un devis"}]},{"@type":"WebSite","@id":"https://demo.akomi.it/erbyshop/fr/#website","url":"https://demo.akomi.it/erbyshop/fr/","name":"FR","description":"Il prato intelligente","potentialAction":[{"@type":"SearchAction","target":{"@type":"EntryPoint","urlTemplate":"https://demo.akomi.it/erbyshop/fr/?s={search_term_string}"},"query-input":{"@type":"PropertyValueSpecification","valueRequired":true,"valueName":"search_term_string"}}],"inLanguage":"fr-FR"}]}</script>
<!-- / Yoast SEO plugin. -->

Devis pour jardins | Devis gazon synthétique et jardin vertical

Demandez immédiatement un devis pour la pose de votre gazon synthétique ou pour l'installation de mousse stabilisée ou de jardin vertical.
