{"id":5478,"date":"2024-01-26T16:13:15","date_gmt":"2024-01-26T15:13:15","guid":{"rendered":"https:\/\/www.demo.akomi.it\/erbyshop\/fr\/?post_type=product&#038;p=5478"},"modified":"2025-04-16T11:20:53","modified_gmt":"2025-04-16T09:20:53","slug":"y-wall-eco","status":"publish","type":"product","link":"https:\/\/demo.akomi.it\/erbyshop\/fr\/mur-vegetal-vertical\/y-wall-eco\/","title":{"rendered":"Y-WALL ECO"},"content":{"rendered":"<p class=\"\" data-start=\"38\" data-end=\"260\">Le panneau <strong data-start=\"49\" data-end=\"63\">Y-WALL ECO<\/strong>, quant \u00e0 lui, est un panneau personnalisable : il peut \u00eatre utilis\u00e9 dans sa version originale, ou bien \u00eatre compos\u00e9 en ajoutant diff\u00e9rents suppl\u00e9ments floraux pour cr\u00e9er une d\u00e9coration sur mesure.<\/p>\n<p class=\"\" data-start=\"262\" data-end=\"519\">Les suppl\u00e9ments floraux ont diff\u00e9rentes hauteurs et varient de 27 cm \u00e0 30 cm.<br data-start=\"339\" data-end=\"342\" \/><br \/>\nIl suffira de les ins\u00e9rer dans le panneau, au sein du feuillage, et de les fixer au support principal \u00e0 l\u2019aide de colliers de serrage pour obtenir facilement diverses solutions.<\/p>\n","protected":false},"excerpt":{"rendered":"<p>Le panneau Y-WALL ECO, quant \u00e0 lui, est un panneau personnalisable : il peut \u00eatre utilis\u00e9 dans sa version originale, ou bien \u00eatre compos\u00e9 en ajoutant diff\u00e9rents suppl\u00e9ments floraux pour cr\u00e9er une d\u00e9coration sur mesure. Les suppl\u00e9ments floraux ont diff\u00e9rentes hauteurs et varient de 27 cm \u00e0 30 cm. Il suffira de les ins\u00e9rer dans &hellip; <a href=\"https:\/\/demo.akomi.it\/erbyshop\/fr\/mur-vegetal-vertical\/y-wall-eco\/\">Continued<\/a><\/p>\n","protected":false},"featured_media":5479,"template":"","meta":[],"product_brand":[],"product_cat":[21],"product_tag":[],"class_list":{"0":"post-5478","1":"product","2":"type-product","3":"status-publish","4":"has-post-thumbnail","6":"product_cat-mur-vegetal-vertical","7":"product_shipping_class-tariffa-peso","9":"first","10":"instock","11":"taxable","12":"shipping-taxable","13":"purchasable","14":"product-type-simple"},"acf":[],"yoast_head":"<!-- This site is optimized with the Yoast SEO plugin v24.5 - https:\/\/yoast.com\/wordpress\/plugins\/seo\/ -->\n<title>Y-WALL ECO | FR<\/title>\n<meta name=\"description\" content=\"Pareti verdi artificiali adatte per decorare ambienti sia interni che esterni. Ricche di variet\u00e0 floreali, sono versatili e semplicissime da installare.\" \/>\n<meta name=\"robots\" content=\"index, follow, max-snippet:-1, max-image-preview:large, max-video-preview:-1\" \/>\n<link rel=\"canonical\" href=\"https:\/\/demo.akomi.it\/erbyshop\/fr\/mur-vegetal-vertical\/y-wall-eco\/\" \/>\n<meta property=\"og:locale\" content=\"fr_FR\" \/>\n<meta property=\"og:type\" content=\"article\" \/>\n<meta property=\"og:title\" content=\"Y-WALL ECO | FR\" \/>\n<meta property=\"og:description\" content=\"Pareti verdi artificiali adatte per decorare ambienti sia interni che esterni. Ricche di variet\u00e0 floreali, sono versatili e semplicissime da installare.\" \/>\n<meta property=\"og:url\" content=\"https:\/\/demo.akomi.it\/erbyshop\/fr\/mur-vegetal-vertical\/y-wall-eco\/\" \/>\n<meta property=\"og:site_name\" content=\"FR\" \/>\n<meta property=\"article:modified_time\" content=\"2025-04-16T09:20:53+00:00\" \/>\n<meta property=\"og:image\" content=\"https:\/\/demo.akomi.it\/erbyshop\/fr\/wp-content\/uploads\/sites\/3\/Y-WALL-ECO-x-sito.jpg\" \/>\n\t<meta property=\"og:image:width\" content=\"1024\" \/>\n\t<meta property=\"og:image:height\" content=\"729\" \/>\n\t<meta property=\"og:image:type\" content=\"image\/jpeg\" \/>\n<meta name=\"twitter:card\" content=\"summary_large_image\" \/>\n<meta name=\"twitter:label1\" content=\"Dur\u00e9e de lecture estim\u00e9e\" \/>\n\t<meta name=\"twitter:data1\" content=\"1 minute\" \/>\n<script type=\"application\/ld+json\" class=\"yoast-schema-graph\">{\"@context\":\"https:\/\/schema.org\",\"@graph\":[{\"@type\":\"WebPage\",\"@id\":\"https:\/\/demo.akomi.it\/erbyshop\/fr\/mur-vegetal-vertical\/y-wall-eco\/\",\"url\":\"https:\/\/demo.akomi.it\/erbyshop\/fr\/mur-vegetal-vertical\/y-wall-eco\/\",\"name\":\"Y-WALL ECO | FR\",\"isPartOf\":{\"@id\":\"https:\/\/demo.akomi.it\/erbyshop\/fr\/#website\"},\"primaryImageOfPage\":{\"@id\":\"https:\/\/demo.akomi.it\/erbyshop\/fr\/mur-vegetal-vertical\/y-wall-eco\/#primaryimage\"},\"image\":{\"@id\":\"https:\/\/demo.akomi.it\/erbyshop\/fr\/mur-vegetal-vertical\/y-wall-eco\/#primaryimage\"},\"thumbnailUrl\":\"https:\/\/demo.akomi.it\/erbyshop\/fr\/wp-content\/uploads\/sites\/3\/Y-WALL-ECO-x-sito.jpg\",\"datePublished\":\"2024-01-26T15:13:15+00:00\",\"dateModified\":\"2025-04-16T09:20:53+00:00\",\"description\":\"Pareti verdi artificiali adatte per decorare ambienti sia interni che esterni. Ricche di variet\u00e0 floreali, sono versatili e semplicissime da installare.\",\"breadcrumb\":{\"@id\":\"https:\/\/demo.akomi.it\/erbyshop\/fr\/mur-vegetal-vertical\/y-wall-eco\/#breadcrumb\"},\"inLanguage\":\"fr-FR\",\"potentialAction\":[{\"@type\":\"ReadAction\",\"target\":[\"https:\/\/demo.akomi.it\/erbyshop\/fr\/mur-vegetal-vertical\/y-wall-eco\/\"]}]},{\"@type\":\"ImageObject\",\"inLanguage\":\"fr-FR\",\"@id\":\"https:\/\/demo.akomi.it\/erbyshop\/fr\/mur-vegetal-vertical\/y-wall-eco\/#primaryimage\",\"url\":\"https:\/\/demo.akomi.it\/erbyshop\/fr\/wp-content\/uploads\/sites\/3\/Y-WALL-ECO-x-sito.jpg\",\"contentUrl\":\"https:\/\/demo.akomi.it\/erbyshop\/fr\/wp-content\/uploads\/sites\/3\/Y-WALL-ECO-x-sito.jpg\",\"width\":2360,\"height\":1680},{\"@type\":\"BreadcrumbList\",\"@id\":\"https:\/\/demo.akomi.it\/erbyshop\/fr\/mur-vegetal-vertical\/y-wall-eco\/#breadcrumb\",\"itemListElement\":[{\"@type\":\"ListItem\",\"position\":1,\"name\":\"Home\",\"item\":\"https:\/\/demo.akomi.it\/erbyshop\/fr\/\"},{\"@type\":\"ListItem\",\"position\":2,\"name\":\"Shop\",\"item\":\"https:\/\/demo.akomi.it\/erbyshop\/fr\/e-commerce-erby\/\"},{\"@type\":\"ListItem\",\"position\":3,\"name\":\"Mur v\u00e9g\u00e9tal\",\"item\":\"https:\/\/demo.akomi.it\/erbyshop\/fr\/mur-vegetal-vertical\/\"},{\"@type\":\"ListItem\",\"position\":4,\"name\":\"Y-WALL ECO\"}]},{\"@type\":\"WebSite\",\"@id\":\"https:\/\/demo.akomi.it\/erbyshop\/fr\/#website\",\"url\":\"https:\/\/demo.akomi.it\/erbyshop\/fr\/\",\"name\":\"FR\",\"description\":\"Il prato intelligente\",\"potentialAction\":[{\"@type\":\"SearchAction\",\"target\":{\"@type\":\"EntryPoint\",\"urlTemplate\":\"https:\/\/demo.akomi.it\/erbyshop\/fr\/?s={search_term_string}\"},\"query-input\":{\"@type\":\"PropertyValueSpecification\",\"valueRequired\":true,\"valueName\":\"search_term_string\"}}],\"inLanguage\":\"fr-FR\"}]}<\/script>\n<!-- \/ Yoast SEO plugin. -->","yoast_head_json":{"title":"Y-WALL ECO | FR","description":"Pareti verdi artificiali adatte per decorare ambienti sia interni che esterni. Ricche di variet\u00e0 floreali, sono versatili e semplicissime da installare.","robots":{"index":"index","follow":"follow","max-snippet":"max-snippet:-1","max-image-preview":"max-image-preview:large","max-video-preview":"max-video-preview:-1"},"canonical":"https:\/\/demo.akomi.it\/erbyshop\/fr\/mur-vegetal-vertical\/y-wall-eco\/","og_locale":"fr_FR","og_type":"article","og_title":"Y-WALL ECO | FR","og_description":"Pareti verdi artificiali adatte per decorare ambienti sia interni che esterni. Ricche di variet\u00e0 floreali, sono versatili e semplicissime da installare.","og_url":"https:\/\/demo.akomi.it\/erbyshop\/fr\/mur-vegetal-vertical\/y-wall-eco\/","og_site_name":"FR","article_modified_time":"2025-04-16T09:20:53+00:00","og_image":[{"url":"https:\/\/demo.akomi.it\/erbyshop\/fr\/wp-content\/uploads\/sites\/3\/Y-WALL-ECO-x-sito.jpg","width":1024,"height":729,"type":"image\/jpeg"}],"twitter_card":"summary_large_image","twitter_misc":{"Dur\u00e9e de lecture estim\u00e9e":"1 minute"},"schema":{"@context":"https:\/\/schema.org","@graph":[{"@type":"WebPage","@id":"https:\/\/demo.akomi.it\/erbyshop\/fr\/mur-vegetal-vertical\/y-wall-eco\/","url":"https:\/\/demo.akomi.it\/erbyshop\/fr\/mur-vegetal-vertical\/y-wall-eco\/","name":"Y-WALL ECO | FR","isPartOf":{"@id":"https:\/\/demo.akomi.it\/erbyshop\/fr\/#website"},"primaryImageOfPage":{"@id":"https:\/\/demo.akomi.it\/erbyshop\/fr\/mur-vegetal-vertical\/y-wall-eco\/#primaryimage"},"image":{"@id":"https:\/\/demo.akomi.it\/erbyshop\/fr\/mur-vegetal-vertical\/y-wall-eco\/#primaryimage"},"thumbnailUrl":"https:\/\/demo.akomi.it\/erbyshop\/fr\/wp-content\/uploads\/sites\/3\/Y-WALL-ECO-x-sito.jpg","datePublished":"2024-01-26T15:13:15+00:00","dateModified":"2025-04-16T09:20:53+00:00","description":"Pareti verdi artificiali adatte per decorare ambienti sia interni che esterni. Ricche di variet\u00e0 floreali, sono versatili e semplicissime da installare.","breadcrumb":{"@id":"https:\/\/demo.akomi.it\/erbyshop\/fr\/mur-vegetal-vertical\/y-wall-eco\/#breadcrumb"},"inLanguage":"fr-FR","potentialAction":[{"@type":"ReadAction","target":["https:\/\/demo.akomi.it\/erbyshop\/fr\/mur-vegetal-vertical\/y-wall-eco\/"]}]},{"@type":"ImageObject","inLanguage":"fr-FR","@id":"https:\/\/demo.akomi.it\/erbyshop\/fr\/mur-vegetal-vertical\/y-wall-eco\/#primaryimage","url":"https:\/\/demo.akomi.it\/erbyshop\/fr\/wp-content\/uploads\/sites\/3\/Y-WALL-ECO-x-sito.jpg","contentUrl":"https:\/\/demo.akomi.it\/erbyshop\/fr\/wp-content\/uploads\/sites\/3\/Y-WALL-ECO-x-sito.jpg","width":2360,"height":1680},{"@type":"BreadcrumbList","@id":"https:\/\/demo.akomi.it\/erbyshop\/fr\/mur-vegetal-vertical\/y-wall-eco\/#breadcrumb","itemListElement":[{"@type":"ListItem","position":1,"name":"Home","item":"https:\/\/demo.akomi.it\/erbyshop\/fr\/"},{"@type":"ListItem","position":2,"name":"Shop","item":"https:\/\/demo.akomi.it\/erbyshop\/fr\/e-commerce-erby\/"},{"@type":"ListItem","position":3,"name":"Mur v\u00e9g\u00e9tal","item":"https:\/\/demo.akomi.it\/erbyshop\/fr\/mur-vegetal-vertical\/"},{"@type":"ListItem","position":4,"name":"Y-WALL ECO"}]},{"@type":"WebSite","@id":"https:\/\/demo.akomi.it\/erbyshop\/fr\/#website","url":"https:\/\/demo.akomi.it\/erbyshop\/fr\/","name":"FR","description":"Il prato intelligente","potentialAction":[{"@type":"SearchAction","target":{"@type":"EntryPoint","urlTemplate":"https:\/\/demo.akomi.it\/erbyshop\/fr\/?s={search_term_string}"},"query-input":{"@type":"PropertyValueSpecification","valueRequired":true,"valueName":"search_term_string"}}],"inLanguage":"fr-FR"}]}},"_links":{"self":[{"href":"https:\/\/demo.akomi.it\/erbyshop\/fr\/wp-json\/wp\/v2\/product\/5478","targetHints":{"allow":["GET"]}}],"collection":[{"href":"https:\/\/demo.akomi.it\/erbyshop\/fr\/wp-json\/wp\/v2\/product"}],"about":[{"href":"https:\/\/demo.akomi.it\/erbyshop\/fr\/wp-json\/wp\/v2\/types\/product"}],"wp:featuredmedia":[{"embeddable":true,"href":"https:\/\/demo.akomi.it\/erbyshop\/fr\/wp-json\/wp\/v2\/media\/5479"}],"wp:attachment":[{"href":"https:\/\/demo.akomi.it\/erbyshop\/fr\/wp-json\/wp\/v2\/media?parent=5478"}],"wp:term":[{"taxonomy":"product_brand","embeddable":true,"href":"https:\/\/demo.akomi.it\/erbyshop\/fr\/wp-json\/wp\/v2\/product_brand?post=5478"},{"taxonomy":"product_cat","embeddable":true,"href":"https:\/\/demo.akomi.it\/erbyshop\/fr\/wp-json\/wp\/v2\/product_cat?post=5478"},{"taxonomy":"product_tag","embeddable":true,"href":"https:\/\/demo.akomi.it\/erbyshop\/fr\/wp-json\/wp\/v2\/product_tag?post=5478"}],"curies":[{"name":"wp","href":"https:\/\/api.w.org\/{rel}","templated":true}]}}

<p class="" data-start="38" data-end="260">Le panneau <strong data-start="49" data-end="63">Y-WALL ECO</strong>, quant à lui, est un panneau personnalisable : il peut être utilisé dans sa version originale, ou bien être composé en ajoutant différents suppléments floraux pour créer une décoration sur mesure.</p>
<p class="" data-start="262" data-end="519">Les suppléments floraux ont différentes hauteurs et varient de 27 cm à 30 cm.<br data-start="339" data-end="342" /><br />
Il suffira de les insérer dans le panneau, au sein du feuillage, et de les fixer au support principal à l’aide de colliers de serrage pour obtenir facilement diverses solutions.</p>

<p>Le panneau Y-WALL ECO, quant à lui, est un panneau personnalisable : il peut être utilisé dans sa version originale, ou bien être composé en ajoutant différents suppléments floraux pour créer une décoration sur mesure. Les suppléments floraux ont différentes hauteurs et varient de 27 cm à 30 cm. Il suffira de les insérer dans &hellip; <a href="https://demo.akomi.it/erbyshop/fr/mur-vegetal-vertical/y-wall-eco/">Continued</a></p>

<!-- This site is optimized with the Yoast SEO plugin v24.5 - https://yoast.com/wordpress/plugins/seo/ -->
<title>Y-WALL ECO | FR</title>
<meta name="description" content="Pareti verdi artificiali adatte per decorare ambienti sia interni che esterni. Ricche di varietà floreali, sono versatili e semplicissime da installare." />
<meta name="robots" content="index, follow, max-snippet:-1, max-image-preview:large, max-video-preview:-1" />
<link rel="canonical" href="https://demo.akomi.it/erbyshop/fr/mur-vegetal-vertical/y-wall-eco/" />
<meta property="og:locale" content="fr_FR" />
<meta property="og:type" content="article" />
<meta property="og:title" content="Y-WALL ECO | FR" />
<meta property="og:description" content="Pareti verdi artificiali adatte per decorare ambienti sia interni che esterni. Ricche di varietà floreali, sono versatili e semplicissime da installare." />
<meta property="og:url" content="https://demo.akomi.it/erbyshop/fr/mur-vegetal-vertical/y-wall-eco/" />
<meta property="og:site_name" content="FR" />
<meta property="article:modified_time" content="2025-04-16T09:20:53+00:00" />
<meta property="og:image" content="https://demo.akomi.it/erbyshop/fr/wp-content/uploads/sites/3/Y-WALL-ECO-x-sito.jpg" />
	<meta property="og:image:width" content="1024" />
	<meta property="og:image:height" content="729" />
	<meta property="og:image:type" content="image/jpeg" />
<meta name="twitter:card" content="summary_large_image" />
<meta name="twitter:label1" content="Durée de lecture estimée" />
	<meta name="twitter:data1" content="1 minute" />
<script type="application/ld+json" class="yoast-schema-graph">{"@context":"https://schema.org","@graph":[{"@type":"WebPage","@id":"https://demo.akomi.it/erbyshop/fr/mur-vegetal-vertical/y-wall-eco/","url":"https://demo.akomi.it/erbyshop/fr/mur-vegetal-vertical/y-wall-eco/","name":"Y-WALL ECO | FR","isPartOf":{"@id":"https://demo.akomi.it/erbyshop/fr/#website"},"primaryImageOfPage":{"@id":"https://demo.akomi.it/erbyshop/fr/mur-vegetal-vertical/y-wall-eco/#primaryimage"},"image":{"@id":"https://demo.akomi.it/erbyshop/fr/mur-vegetal-vertical/y-wall-eco/#primaryimage"},"thumbnailUrl":"https://demo.akomi.it/erbyshop/fr/wp-content/uploads/sites/3/Y-WALL-ECO-x-sito.jpg","datePublished":"2024-01-26T15:13:15+00:00","dateModified":"2025-04-16T09:20:53+00:00","description":"Pareti verdi artificiali adatte per decorare ambienti sia interni che esterni. Ricche di varietà floreali, sono versatili e semplicissime da installare.","breadcrumb":{"@id":"https://demo.akomi.it/erbyshop/fr/mur-vegetal-vertical/y-wall-eco/#breadcrumb"},"inLanguage":"fr-FR","potentialAction":[{"@type":"ReadAction","target":["https://demo.akomi.it/erbyshop/fr/mur-vegetal-vertical/y-wall-eco/"]}]},{"@type":"ImageObject","inLanguage":"fr-FR","@id":"https://demo.akomi.it/erbyshop/fr/mur-vegetal-vertical/y-wall-eco/#primaryimage","url":"https://demo.akomi.it/erbyshop/fr/wp-content/uploads/sites/3/Y-WALL-ECO-x-sito.jpg","contentUrl":"https://demo.akomi.it/erbyshop/fr/wp-content/uploads/sites/3/Y-WALL-ECO-x-sito.jpg","width":2360,"height":1680},{"@type":"BreadcrumbList","@id":"https://demo.akomi.it/erbyshop/fr/mur-vegetal-vertical/y-wall-eco/#breadcrumb","itemListElement":[{"@type":"ListItem","position":1,"name":"Home","item":"https://demo.akomi.it/erbyshop/fr/"},{"@type":"ListItem","position":2,"name":"Shop","item":"https://demo.akomi.it/erbyshop/fr/e-commerce-erby/"},{"@type":"ListItem","position":3,"name":"Mur végétal","item":"https://demo.akomi.it/erbyshop/fr/mur-vegetal-vertical/"},{"@type":"ListItem","position":4,"name":"Y-WALL ECO"}]},{"@type":"WebSite","@id":"https://demo.akomi.it/erbyshop/fr/#website","url":"https://demo.akomi.it/erbyshop/fr/","name":"FR","description":"Il prato intelligente","potentialAction":[{"@type":"SearchAction","target":{"@type":"EntryPoint","urlTemplate":"https://demo.akomi.it/erbyshop/fr/?s={search_term_string}"},"query-input":{"@type":"PropertyValueSpecification","valueRequired":true,"valueName":"search_term_string"}}],"inLanguage":"fr-FR"}]}</script>
<!-- / Yoast SEO plugin. -->

Pareti verdi artificiali adatte per decorare ambienti sia interni che esterni. Ricche di varietà floreali, sono versatili e semplicissime da installare.

Mur végétal
